1 - (3 - -1 - (14 + -19)).
-13
Evaluate -8 + (-9 - (-6 + -9)) - (-4 - 2).
4
What is the value of 5 + 5 + -11 + 6 + -4?
1
-16 + 34 + (-13 - 4)
1
What is the value of 20 + (10 - 13) + -16?
1
-6 + (2 - (6 + -3 + -2 + -15))
10
What is 15 - (6 - (17 - 19))?
7
-12 - (-37 - -21) - (1 - (4 - -3))
10
What is the value of 10 + (9 - (5 + 5))?
9
What is (-13 - -1) + (413 - 395)?
6
Calculate -11 + 26 + -36 + -4.
-25
Evaluate -6 - (1 - (0 - (-1 + 3))).
-9
-11 + (21 - 9) + (-4 - 6)
-9
-3 + 0 + 1 + (8 - 8) + 16
14
What is the value of 8 + (-15 - (6 + -5 + 6 - 3))?
-11
Calculate (6 - (6 - 7) - 4) + 22 + -14.
11
What is (7 - -5) + -18 + (15 - (-4 - -2))?
11
Evaluate 1 + -6 - (6 + -30 - (-25 - 27)).
-33
81 + -105 - (-34 - -7)
3
What is -21 - -8 - -8 - (-3 + 5) - -21?
14
What is the value of (-6 - 1) + 9 + -4 + (12 - -2)?
12
Calculate 1 - 3 - (-122 - -127).
-7
What is -3 - (1 + 0 + (-3 + 0 - 1))?
0
What is the value of (-34 - -25) + (-5 - 9 - -8)?
-15
What is (44 - (8 + 41)) + (17 - 0)?
12
Evaluate (2 - (10 - 14 - 6)) + (8 - 2).
18
Calculate 2 + ((5 - 4) + 1 - 8).
-4
4 - 13 - (11 - (18 - 11))
-13
Evaluate -24 + 0 + 1 - -32.
9
What is 7 + -1 + 1 + 35 + (11 - 36)?
17
What is (27 - 20 - 14) + (0 - (-4 + -1))?
-2
-3 + 4 + -9 + -2 + 1 + 8
-1
Evaluate -4 - (18 - 9 - 4).
-9
Evaluate 54 + (29 - (-31 - -82)).
32
-26 + (-8 + (12 - -13) - 0)
-9
Calculate -3 - -5 - 11 - (-33 + 30 + 2).
-8
What is 10 - 36 - 15 - -13?
-28
What is 6 + 5 + -4 + -9?
-2
-2 + 2 + 0 - (7 - (16 + -6))
3
Calculate (13 - -12 - 22) + -3 + 1 + -1.
0
Calculate -3 + (-1 + 1 - (-1 + -2)).
0
0 - (3 + (4 - 6) + 4 - 10)
5
Evaluate 5 + -1 + -12 - (-15 - 0 - 0).
7
What is the value of -5 - (0 - 9 - 6 - (-1 + 2))?
11
What is the value of 6 + -3 + -27 + (-148 - -160)?
-12
Evaluate -4 - -12 - (-50 - -59) - -9.
8
Evaluate 28 + 1 + (7 - 4).
32
Evaluate -6 + -2 + (10 - 6 - -5) - 8.
-7
What is the value of -318 + 307 + 27 + -1?
15
Evaluate (2 - 0) + -40 + (-1 - (-14 - -1)).
-26
Calculate -5 + 19 + -12 + 7.
9
What is -72 - -28 - (-56 + 45)?
-33
Evaluate -9 - -1 - (5 + -22 + 7 + 21).
-19
What is the value of -33 + 23 + -5 + 0?
-15
-7 + 16 + -27 + 4 + (0 - 2)
-16
Calculate (23 - 14) + -12 - -10.
7
What is the value of 14 - (31 - -38) - -32?
-23
What is the value of -22 + 19 - (5 + -3 + 15)?
-20
Evaluate -3 + (14 + -20 + 0 - (-9 - 0)).
0
Calculate (-26 - 4) + 9 + 19.
-2
Calculate 20 + -27 + -2 + 20.
11
What is 0 + -15 + (-26 + 17 - -19)?
-5
Calculate -13 - -10 - (12 + -14).
-1
Evaluate 21 - -1 - (-1 + 29 + -17).
11
9 - ((0 - -3) + (2 - 4) + 0)
8
Evaluate 49 + -72 - (0 - (2 + (0 - 2))).
-23
7 - (-11 - (-11 + 3 - 8))
2
Calculate -32 + -1 - (-18 - (1 + -17 + 7)).
-24
Evaluate (-4 - -5) + -1 - (6 + -5 - 3).
2
What is (6 - 6) + (0 - -2) + (-2 - 2)?
-2
Evaluate 9 + -23 + 5 - (-43 + 18).
16
Calculate 10 + -3 - (-9 + 19) - -4.
1
Calculate 4 + -6 - (-62 + 40) - 32.
-12
17 + (-7 + -7 + 7 - -2)
12
What is the value of 17 + -24 + (1 + -2 - -1 - 12)?
-19
Evaluate (1 - (13 - 0)) + -16 + (26 - 10).
-12
Evaluate -15 - (3 - (-5 + 15)).
-8
Calculate (4 - -5) + -8 + 7 + -23.
-15
Evaluate -6 + (5 + 11 - 4).
6
What is the value of (54 - 66) + -1 + 18?
5
What is -25 + (-3 - 1) - (-16 - (-18 + 9))?
-22
What is the value of -5 + (-2 - -1) - (137 + -144) - 10?
-9
What is (-1 + 1 - -1) + (-629 - -644)?
16
What is the value of -7 + -8 + 32 + 9 - (-2 - -5)?
23
-9 + -4 + -3 - -32 - 1
15
What is 8 + (4 + -17 - 10)?
-15
-12 - -32 - (6 - 14 - -13)
15
What is the value of -8 - (-18 + 1 + 10)?
-1
What is -10 - (-5 - (2 + -6 + (13 - 3)))?
1
What is 7 + 1 + -6 - -21 - (15 - 8)?
16
What is (10 - 29) + 11 + (0 - -1) + -16?
-23
Calculate 8 + -26 + 12 - (2 + 3 + -7).
-4
What is the value of 42 - (5 + 30 + -15)?
22
Evaluate 1 - -11 - (-397 - -408).
1
Evaluate (22 + -36 - -14) + -4.
-4
Calculate 26 + -23 - (-1 + 11) - -4.
-3
-39 - -8 - -41 - 38
-28
What is -27 + 8 + (10 + -41 - -20)?
-30
Calculate -4 + -3 + 9 + 4 - 1 - -3.
8
-9 + 0 + -8 + -2 + 10
-9
What is the value of 0 - ((4 - 9 - 1) + 3)?
3
What is 40 + -16 - (-20 + 27)?
17
9 - (-18 + 30 + 6)
-9
(-48 - -75 - (9 + -3)) + 7
28
Evaluate 56 + -4 - ((12 - 12) + 17).
35
Calculate 0 + 5 - (8 - (5 + 15 + 8)).
25
(-33 - (42 + -21)) + (18 - 1)
-37
What is 14 - (-10 - -23 - -7)?
-6
-11 + (0 - -10) - -6 - 21
-16
Calculate 16 - (-10 - -6) - 6 - (5 - 1).
10
Calculate 5 + 7 + -1 + -29 + 11.
-7
5 + 9 + (-7 - 3) + -18
-14
What is the value of 0 - ((-29 - -10) + (4 - -2))?
13
45 + (9 - 29) + -7
18
What is the value of 8 + (-13 - -6 - -2) + 0?
3
-88 + 103 + 2 + -11
6
Evaluate 9 + -3 - -6 - -11.
23
Calculate (12 - 10) + (2 - 14) + 6 + -14.
-18
Calculate (28 - (-23 - -43)) + 16.
24
-96 - -129 - (0 - -8) - (7 + 1)
17
Calculate -5 + (3 - 8) + 59 + -50.
-1
What is 109 + -97 - (-6 - -6)?
12
-3 + (22 - (-13 - -52))
-20
Calculate -9 - -12 - (16 + -25 - (0 - 1)).
11
What is 7 + 5 - (21 - -1)?
-10
What is the value of (34 - 49) + 1 + -1 + -1?
-16
(48 - (-4 - -21)) + -22
9
Calculate 0 - (9 - 4) - (-8 - -1).
2
What is 8 - (-1 + 0 + (18 - -7))?
-16
What is -16 + (17 - 28 - -21)?
-6
What is (-17 + 14 - 8) + -11?
-22
Evaluate 18 + (-17 - -34 - 31).
4
Calculate 15 + (-23 + 7 - -3).
2
Evaluate -2 - -3 - (-8 + (9 - 6) + 23).
-17
Evaluate -9 - (-4 - (14 + -10 - (-1 - -6))).
-6
Evaluate 13 + (-24 - (-25 - 3)).
17
What is 39 - (-22 + 11 + 27)?
23
What is -4 + 35 + 1 - (-2 - -9)?
25
(2 + 0 + -7 - -2) + -7
-10
Evaluate (4 - 5 - -3 - 14) + -5 + -2.
-19
Evaluate 24 + -12 - (-3 - -5 - 6 - -7).
9
What is (-8 - (-5 + -10)) + (-7 - 1)?
-1
Calculate 20 - (-24 - -17) - 16.
11
What is the value of -12 - ((-2 - 0) + 79 + -74)?
-15
(2 - (-3 + 6)) + 7 + (298 - 301)
3
What is (8 - 12) + 13 - (63 - 23)?
-31
Calculate (1 - 2) + (-24 - (-29 + 12)).
-8
Evaluate (-10 - 4) + 31 + -24.
-7
Calculate (1 - 7) + (2 - 3) - (-11 - -7).
-3
What is the value of 4 + (-23 - (-23 - -10))?
-6
What is -2 + 3 - (27 + -14 - 22)?
10
Calculate 10 - (-5 + (1 + 0 - (-3 + -10))).
1
Calculate (-8 - -19) + (13 - 26) + -10 - -11.
-1
What is 7 - 6 - (3 - (0 + 1 + 0))?
-1
What is the value of (5 - 0 - 1 - 9) + 2 + 1?
-2
What is the value of -17 + (-7 - 11) + 27?
-8
What is the value of -1 + -6 - (-4 + (-30 - -23) + -4)?
8
Calculate -18 + 17 - (4 + (1 - -7) + -2).
-11
What is (186 - 165) + (-1 - 6)?
14
Calculate -7 + (18 - 35) + 10.
-14
Evaluate -1 - -8 - 1 - (68 - 54).
-8
-17 + -1 + (0 - -2) + 197 + -205
-24
What is the value of 1 + 10 - ((-9 - -8) + 5 + -6)?
13
Calculate (0 - -20) + 336 + -356.
0
What is 3 + 3 + 31 + -21 - 32?
-16
What is (44 - 16) + -39 + 2?
-9
What is 2 - (2 - 7) - (9 + 2)?
-4
Calculate -16 + (-8 - (-6 + 7 + -8)).
-17
What is the value of 14 + (-14 - (-8 + -6)) + (0 - 7)?
7
15 + (-8 - 7) - (0 - -3)
-3
10 + ((-16 - -8) + 24 - 8)
18
-14 + (-6 - -10) + 6
-4
-3 + 10 + (3 - (5 + -1 - 0))
6
What is the value of (147 - 140 - (0 - (3 + -1))) + -2?
7
(-1 - 4 - (-12 - -3)) + 11 + -4
11
Evaluate 0 + 1 - 2 - (-208 - -218).
-11
Calculate -3 + 2 + (-5 - 3) + (7 - 13).
-15
What is the value of 1 - -15 - (-35 + -38 + 71)?
18
(4 - -2 - 0) + 63 + -61
8
What is the value of (12 - (8 + 11 - 16)) + (-2 - 13)?
-6
What is the value of 19 + -22 - (2 - 2) - -14?
11
What is the value of 1 + (13 - (25 + -12)) - -18?
19
Calculate 22 + (-2 + -3 + 15 + -11 - 1).
20
What is the value of 20 - (16 - (-15 - -23))?
12
Evaluate 8 - (-7 + 24 - 0).
-9
What is 0 + -2 + 1 + 10 + 1984 + -1974?
19
What is the value of -9 - (0 + -3) - ((10 - 31) + 11)?
4
What is the value of 2 + ((3 - -2 - 1) + -5 - -8)?
9
Calculate 0 - -6 - (-9 - (-4 + 0 + -1)).
10
Calculate 35 - ((53 - 30) + -8).
20
What is the value of 5 + (-16 - -13 - 16) - (2 - -2)?
-18
What is (4 + -4 + (-1 - -8) - -6) + -5?
8
What is the value of -31 + 13 + 19 - 9?
-8
3 + (-8 - -4 - -3)
2
What is the value of (10 - 13 - (-7 + -4)) + 6?
14
What is the value of 8 + (9 - 2 - 7) + 9?
17
Calculate -17 - (-3 - (10 + 10 + -14)).
-8
What is (-28 - (-46 - -9)) + (3 - 2 - 0)?
10
Calculate (8 - (4 - -5)) + -1 + -11.
-13
-12 + (-2 - (-34 - -3)) + (-5 - 1)
11
Evaluate -7 - (-10 - 19 - -9) - (-3 + 1).
15
What is the value of 14 + -7 + 0 - (-5 + 12 - -3)?
-3
Calculate (25 - (-6 + 42)) + 29.
18
Evaluate -41 + 40 + 18 + 1 + 8.
26
What is the value of -1 - 0 - (0 - (-2 + -7) - 11)?
1
-49 + (12 + 17 - -1)
-19
What is 2 - (-12 - (-19 - 9) - 5)?
-9
Evaluate 6 + -8 + 0 + 8 - 10